. Let h be n(f). Calculate x(h).
-5
Let t(c) = -c**2 - 3*c - 1. Let q(w) = -4*w. Let j be 4 - (6 + (-3 - 0)). Let n be q(j). Calculate t(n).
-5
Suppose 2 = -s - 0*u + 5*u, 0 = -u + 1. Let x(h) be the second derivative of -1/3*h**s + 0 + 1/10*h**5 + h**2 - 1/6*h**4 + h. Calculate x(2).
6
Suppose q - 5*q + 12 = 0. Let k(n) = n**q + 2*n**2 - n**2 - 2 + 0 + 2*n. Let v(z) = -z**3 - 2*z**2 - 3*z + 3. Let t(w) = 4*k(w) + 3*v(w). Calculate t(2).
-1
Let q(f) be the first derivative of -4 - 8/3*f**3 - f + 1/2*f**2. Determine q(1).
-8
Let y(n) = 10*n - n**2 + 0*n**2 - 3*n - 6. Suppose 2*j - 18 = 5*w, -14 = -4*j + 2*w - 3*w. Determine y(j).
6
Let n(q) = -2*q + 8. Let z(o) = o + 1. Suppose 4*k + 2 = 6. Let x(m) = k*z(m) - n(m). Calculate x(5).
8
Let o(h) be the second derivative of -1/12*h**4 + 3*h**2 - 7*h + 0 - 1/2*h**3. Calculate o(-6).
-12
Let q be 4/(-18) - 25/9. Let u(a) = -3*a - 3. Give u(q).
6
Let p(g) = 21*g - 1. Let v(s) = -4*s + 31. Let q be v(8). What is p(q)?
-22
Let y be (16 - 1) + (0 - -1). Suppose 5*u - k + y - 2 = 0, 10 = -3*u + k. Let m(x) = 2*x - x - 2*x. Give m(u).
2
Let c(g) be the first derivative of 1/120*g**5 + 0*g + 1 - 1/3*g**4 + 0*g**2 - 4/3*g**3. Let j(o) be the third derivative of c(o). What is j(6)?
-2
Suppose -2*l = -5*l + 6. Let b(z) = -2*z**2 + 0*z - z**3 - 2*z**2 - 2*z - l. Let x(w) = -w**2 + 8*w - 11. Let k be x(7). Give b(k).
6
Let m be (-1)/(2/(-4)*1). Let s(u) = 42*u - 1 + 4 + 3*u**2 - 21*u - 25*u. Give s(m).
7
Let r(p) = p + 1. Let z be r(2). Suppose -2*q = 15 - z. Let m(h) = h**2 + 6*h + 8. Calculate m(q).
8
Let w(i) = i**2 + 2*i + 1. Suppose -a - 1 - 1 = 0. Determine w(a).
1
Let s(x) = 4*x**3 - 9*x**2 + 4. Let a(d) = -7*d**3 + 17*d**2 - 7. Let y(c) = -3*a(c) - 5*s(c). Determine y(6).
1
Let o be 1/((-2)/(-6)) + 2. Suppose o*j + 40 = -0*j. Let t = j + 5. Let p(k) = -3*k - 3. Calculate p(t).
6
Suppose q + 2 = 5*i, 5*q - 2*i = -13 + 49. Let b = 7 - q. Let u(c) = 8 - 8 + 5*c. What is u(b)?
-5
Suppose -3*p - 2*p = 0. Suppose p = -q - 4*q. Suppose -2*a + 5*a + 18 = q. Let v(y) = -y**2 - 6*y + 2. Determine v(a).
2
Let h(u) = -5*u - 10. Let f(l) = -l. Suppose -5*d + o = 34, -1 - 1 = -3*d - 5*o. Let a(z) = d*f(z) + h(z). What is a(7)?
-3
Let b(a) = a**3 - 4*a**2 + 4*a - 3. Let q = 2 + -3. Let k be q/3 - (-20)/6. Let s be b(k). Let h(w) = -w**3 - w**2 + w + 4. What is h(s)?
4
Let u(j) = 2*j**3 - 3*j**2 + j - 1. Let f(w) = w**2 + w. Let m be f(1). Suppose 4*r + 3 - 11 = 4*g, 6 = -g + m*r. Determine u(g).
5
Let v be 1/(2/(-24)*-3). Suppose -v*b = -b - 9. Let f be (-1 - -2)*(5 - b). Let s(m) = 3*m**2 - 4*m + 3. Give s(f).
7
Let z(f) = 6*f**2 + 9*f - 16. Let i(l) = -l**2 - 2*l + 3. Let p(b) = -11*i(b) - 2*z(b). Calculate p(7).
-22
Suppose 0 = 2*v + 3*k + 7, k + 4 = -4*v - 15. Let g(i) = -i**3 - 5*i**2 + 3*i + 4. Give g(v).
-11
Let f(m) = 6*m**2 + m - 1. Suppose -12*l + 9*l = -3. What is f(l)?
6
Let p(h) be the first derivative of -h - 5/2*h**2 - 4 - 1/3*h**3. What is p(-4)?
3
Let p(k) be the first derivative of -k**5/20 + k**4/3 + 5*k**3/6 + k**2 + 4*k - 4. Let d(v) be the first derivative of p(v). What is d(5)?
2
Suppose -2*a = 3 + 1. Let h = -6 + 8. Let i(g) = -3*g**2 + g**2 + 0*g**2 - 2*g - h. What is i(a)?
-6
Let f be 60/45*(33/6 + -1). Let h(i) be the first derivative of 3*i**2/2 + 21*i + 2. Let t(x) = x + 10. Let w(r) = -2*h(r) + 5*t(r). Give w(f).
2
Let f = -2 + 1. Let m(c) be the second derivative of 3*c**5/20 - c**3/6 + 11*c. What is m(f)?
-2
Let i be (1 - 2)/(0 + 1). Let t(z) be the third derivative of -3*z**4/8 - z**3/6 - 12*z**2. Determine t(i).
8
Let c(a) = -a**2 + 4*a - 6. Let s be c(4). Let r(g) = -g**3 - 7*g**2 - 5*g + 8. Let n be r(s). Let h(x) = -4*x + 3. Give h(n).
-5
Let h(j) = -6*j**3 + 7*j - 7. Let k(f) = -f**3 + f**2 + f - 1. Let y(z) = h(z) - 5*k(z). Give y(-5).
-12
Let j = 19 + -17. Let z(f) = f**2 - 2*f - 1. Calculate z(j).
-1
Let k(c) = c - 2. Let q be k(-3). Suppose 4*j - 18 = -3*u, 0 = -3*j + 5*u + 3 - 4. Let v(p) = -j*p - 3 - 3 + 0*p. What is v(q)?
9
Let s(b) = b**3 + 6*b**2 - 8*b - 10. Let f(q) = 3*q + 32. Let k be f(-13). Give s(k).
-3
Let x(i) = -i - 17. Let j be x(-12). Let f(z) = z - 3. What is f(j)?
-8
Let v(z) = -z**2 + 6*z - 13. Let h(x) = x**2 - 5*x + 14. Let f(i) = 5*h(i) + 4*v(i). Calculate f(0).
18
Let o(x) be the first derivative of -3*x**4/4 - x**3/3 - x**2 - x - 164. Let d be 1*2*(-2)/4. Determine o(d).
3
Let v(j) = -2 + 3*j**2 + 6*j + 0*j + 2*j**2 - j**3. What is v(6)?
-2
Let t be 10*((-10)/15)/(8/6). Let w(l) = -l**3 - 6*l**2 - 4*l - 1. Calculate w(t).
-6
Let v(t) = t - 4. Let q(n) = 2*n - 3. Let m(i) = -5*q(i) + 4*v(i). Suppose 0 = -5*z + d - 8, 2*z + 2*d = 4 - 0. Determine m(z).
5
Let a(x) = 3*x + 9*x - 4*x + 1. Suppose 12*d - 2 = 14*d. Calculate a(d).
-7
Suppose 0 = 3*m - m. Let q = 2 + m. Let o(j) = j**3 - j**2 - j + 2. Give o(q).
4
Let f(g) = -g - 1. Let z be f(-7). Let y = -2 + z. Let k(o) = -1 - 4*o + y*o + 2*o. Calculate k(3).
5
Let z(j) be the first derivative of -j**3/3 - 2*j**2 + j - 2. Let x = -4 + 4. Suppose x = -4*f - f - 20. Calculate z(f).
1
Let i(r) = -r**3 + 5*r**2 + 5*r + 8. Let u be i(6). Let f(p) = -5*p - 2*p**2 + 9*p**u + p**2 - p**3 - 3 - 2*p**2. Determine f(5).
-3
Suppose -42*l = -39*l + 9. Let i(p) = -p - 1. Give i(l).
2
Let v = 52921/60 - 882. Let r(j) be the third derivative of 0 + 0*j - 1/40*j**6 - v*j**5 + 1/24*j**4 + j**2 + 1/6*j**3. Calculate r(-1).
2
Let d(g) = -2*g**2 - 5*g - 3. Let k be (-2)/(-2) - 1 - -2. Suppose x + 15 = f - 2*x, -k*x = -4*f + 60. Suppose 0*w + 5*w = -f. What is d(w)?
-6
Let l = 65 + -117. Let c be l/14 + 22/(-77). Let y(f) = f**3 + 3*f**2 - 4*f - 6. What is y(c)?
-6
Let r(y) = 3*y - 6. Let n be -5*(-2)/60 + 46/12. Give r(n).
6
Let p(f) = 2*f + 7 + 5*f**2 - 3*f + 3*f**3 - 4*f**3. Give p(5).
2
Suppose r + 1 - 2 = 0. Let q(s) = 3*s + s**3 + 2 + 4*s + 2 + 2*s**2 + 3*s**2. Let w(j) = j + 1. Let u(f) = r*q(f) - 5*w(f). What is u(-2)?
7
Let p be ((-18)/(-8))/((-2)/(-8)). Let r(m) = 0*m + 1 - m - p + 1. Determine r(-5).
-2
Suppose 0 = 6*l - 3*l - 9. Let j(z) be the first derivative of z**4/4 - z**3/3 - 2*z**2 + 2*z + 1. Calculate j(l).
8
Let g(l) be the third derivative of -l**6/120 - l**5/20 + l**4/6 + l**3 + 4*l**2. What is g(-4)?
6
Let l(g) = -g**2 + 3*g + 6. Suppose -12*a + 14*a - 10 = 0. What is l(a)?
-4
Let l(b) = b**2 - 3*b. Let x be 20/(-1) - (-3 + 3). Let o be (-72)/x + 4/10. Give l(o).
4
Suppose -3*g + 2 - 11 = 0. Let p be (1 - (g + 3)) + 3. Let v(r) = 6 - r + 0 - 2. Calculate v(p).
0
Let d(a) = a + 53*a**2 + 2 - 55*a**2 - 1 + 1. What is d(2)?
-4
Suppose 3*j = -2*j + 10. Let h(f) = 0*f**2 - 2*f**2 + j + 0*f**2 - 3 - f. What is h(-2)?
-7
Let o = 81 + -485/6. Let f(x) be the second derivative of -o*x**4 - 1/3*x**3 + 3*x + 2*x**2 + 0. Determine f(-3).
-8
Suppose 0 = -0*j + 2*j + 14. Let m(n) = -5*n**3 + 33*n**2 - 19*n + 16. Let q(p) = p**3 - 8*p**2 + 5*p - 4. Let y(g) = 2*m(g) + 9*q(g). Determine y(j).
-4
Let c = -3 + 9. Let d(v) = -v + 1. Let k be d(-5). Let l = c - k. Let s(y) = -y**3 - y**2 + y - 7. Determine s(l).
-7
Let d(c) = -320 + 634 + 14*c - 316. Give d(2).
26
Let i(l) = -2*l**2 - 5*l**3 + l**3 + 5*l**3 - 3 + l - 2*l**2. Give i(3).
-9
Let n = -4 - -6. Suppose -5*y = -9 - 6. Let h(a) = -n + 1 + y + 3*a - 2*a. Determine h(-2).
0
Let g(j) = -22*j**2 + 55*j**2 - j**3 - 2*j + 3 - 27*j**2. Give g(5).
18
Let p(n) = 9*n - 1. Let z(s) = -5*s + 1. Let h(b) = -6*p(b) - 11*z(b). Let y = 12 - 7. Calculate h(y).
0
Let y be 2/((0 - -2)/2). Let x(n) be the first derivative of 0*n - 3 - n**2 + n**3 - 1/4*n**4. Determine x(y).
0
Let z(o) be the first derivative of 5 + 1/3*o**3 - 5/2*o**2 - 7*o. What is z(5)?
-7
Let r(z) = -z + 14. Let w be 3*2/(-6)*-6. Calculate r(w).
8
Let h(f) = 2*f**2 + 2*f + 2. Let x(n) = 5*n**2 + 4*n + 5. Let o(u) = 7*h(u) - 3*x(u). Calculate o(2).
-1
Let s(c) = -c**2 - 9*c - 11. Let v(r) = -r**3 - 8*r**2 + 8*r - 17. Let l be v(-9). What is s(l)?
-3
Suppose -19 = -2*z + 25. Suppose -2*i = p - z, -5*i + 2*p = -0*i - 55. Let n = i + -6. Let h(y) = y**3 - 6*y**2 + 5*y - 1. Calculate h(n).
-1
Let p(i) = i - 3. Let b(c) = 1. Let g(d) = -15*b(d) - 5*p(d). Suppose 9*m - w + 15 = 4*m, m - 5*w + 27 = 0. Calculate g(m).
10
Let a(b) be the third derivative of -b**7/2520 + b**6/144 - b**5/120 - b**4/4 - b**2. Let v(g) be the 